{"id":89,"date":"2020-08-23T19:20:19","date_gmt":"2020-08-23T17:20:19","guid":{"rendered":"https:\/\/www.medman.sk\/?page_id=89"},"modified":"2022-01-13T17:12:19","modified_gmt":"2022-01-13T16:12:19","slug":"sluzby","status":"publish","type":"page","link":"https:\/\/www.medman.sk\/index.php\/sluzby\/","title":{"rendered":"Slu\u017eby"},"content":{"rendered":"\n<style type=\"text\/css\" data-created_by=\"avia_inline_auto\" id=\"style-css-av-ke7cizu3-193d2b6472689a1471654acc6cc1a81a\">\n#top .av-special-heading.av-ke7cizu3-193d2b6472689a1471654acc6cc1a81a{\npadding-bottom:10px;\n}\nbody .av-special-heading.av-ke7cizu3-193d2b6472689a1471654acc6cc1a81a .av-special-heading-tag .heading-char{\nfont-size:25px;\n}\n.av-special-heading.av-ke7cizu3-193d2b6472689a1471654acc6cc1a81a .av-subheading{\nfont-size:15px;\n}\n<\/style>\n<div  class='av-special-heading av-ke7cizu3-193d2b6472689a1471654acc6cc1a81a av-special-heading-h2  avia-builder-el-0  el_before_av_heading  avia-builder-el-first  av-thin-font'><h2 class='av-special-heading-tag '  itemprop=\"headline\"  > <strong>Diagnostika<\/strong> a <strong>lie\u010dba<\/strong> ochoren\u00ed <strong>pohybov\u00e9ho<\/strong> apar\u00e1tu  <\/h2><div class=\"special-heading-border\"><div class=\"special-heading-inner-border\"><\/div><\/div><\/div>\n\n<style type=\"text\/css\" data-created_by=\"avia_inline_auto\" id=\"style-css-av-ke7cizu3-fefe57e0dfed877340d5ede607701220\">\n#top .av-special-heading.av-ke7cizu3-fefe57e0dfed877340d5ede607701220{\npadding-bottom:10px;\n}\nbody .av-special-heading.av-ke7cizu3-fefe57e0dfed877340d5ede607701220 .av-special-heading-tag .heading-char{\nfont-size:25px;\n}\n.av-special-heading.av-ke7cizu3-fefe57e0dfed877340d5ede607701220 .av-subheading{\nfont-size:15px;\n}\n<\/style>\n<div  class='av-special-heading av-ke7cizu3-fefe57e0dfed877340d5ede607701220 av-special-heading-h2  avia-builder-el-1  el_after_av_heading  el_before_av_tab_container  av-thin-font'><h2 class='av-special-heading-tag '  itemprop=\"headline\"  >Intern\u00e9 <strong> predopera\u010dn\u00e9 <\/strong> vy\u0161etrenia<\/h2><div class=\"special-heading-border\"><div class=\"special-heading-inner-border\"><\/div><\/div><\/div>\n<div  class='tabcontainer av-ke7ckw5q-1ac690a049f6df94ae948b26ce09a4bb sidebar_tab sidebar_tab_left  avia-builder-el-2  el_after_av_heading  el_before_av_heading  border_tabs'>\n<section class='av_tab_section av_tab_section av-av_tab-ad48547d106d184780d866e82dad507f'  itemscope=\"itemscope\" itemtype=\"https:\/\/schema.org\/CreativeWork\" ><div id='tab-id-1-tab' class='tab active_tab' role='tab' aria-selected=\"true\" tabindex=\"0\" data-fake-id='#tab-id-1' aria-controls='tab-id-1-content'  itemprop=\"headline\" >Reumatologick\u00e1 ambulancia Martin - zmluvn\u00ed partneri<\/div><div id='tab-id-1-content' class='tab_content active_tab_content' role='tabpanel' aria-labelledby='tab-id-1-tab' aria-hidden=\"false\"><div class='tab_inner_content invers-color'  itemprop=\"text\" ><p>D\u00f4vera zdravotn\u00e1 pois\u0165ov\u0148a a.s.<\/p>\n<p>Union\u00a0zdravotn\u00e1 pois\u0165ov\u0148a a.s.<\/p>\n<p>V\u0161eobecn\u00e1 zdravotn\u00e1 pois\u0165ov\u0148a a.s.<\/p>\n<\/div><\/div><\/section>\n<section class='av_tab_section av_tab_section av-av_tab-620ec09a99fafbe0ad22333d4b80bcae'  itemscope=\"itemscope\" itemtype=\"https:\/\/schema.org\/CreativeWork\" ><div id='tab-id-2-tab' class='tab' role='tab' aria-selected=\"false\" tabindex=\"0\" data-fake-id='#tab-id-2' aria-controls='tab-id-2-content'  itemprop=\"headline\" >Reumatologick\u00e1 ambulancia \u010cadca - zmluvn\u00ed partneri<\/div><div id='tab-id-2-content' class='tab_content' role='tabpanel' aria-labelledby='tab-id-2-tab' aria-hidden=\"true\"><div class='tab_inner_content invers-color'  itemprop=\"text\" ><p>D\u00f4vera zdravotn\u00e1 pois\u0165ov\u0148a a.s.<\/p>\n<p>Union\u00a0zdravotn\u00e1 pois\u0165ov\u0148a a.s.<\/p>\n<p>V\u0161eobecn\u00e1 zdravotn\u00e1 pois\u0165ov\u0148a a.s.<\/p>\n<\/div><\/div><\/section>\n<section class='av_tab_section av_tab_section av-av_tab-2900ecea0073377539310e7cca683670'  itemscope=\"itemscope\" itemtype=\"https:\/\/schema.org\/CreativeWork\" ><div id='tab-id-3-tab' class='tab' role='tab' aria-selected=\"false\" tabindex=\"0\" data-fake-id='#tab-id-3' aria-controls='tab-id-3-content'  itemprop=\"headline\" >Ambulancia vn\u00fatorn\u00e9ho lek\u00e1rstva<\/div><div id='tab-id-3-content' class='tab_content' role='tabpanel' aria-labelledby='tab-id-3-tab' aria-hidden=\"true\"><div class='tab_inner_content invers-color'  itemprop=\"text\" ><p>bez zmluvn\u00e9ho vz\u0165ahu so zdravotnou pois\u0165ov\u0148ou &#8211; \u00fahrada zdravotn\u00fdch v\u00fdkonov pacientom<\/p>\n<\/div><\/div><\/section>\n<\/div>\n\n<style type=\"text\/css\" data-created_by=\"avia_inline_auto\" id=\"style-css-av-ke7cizu3-301045f1784445c3161b443422417320\">\n#top .av-special-heading.av-ke7cizu3-301045f1784445c3161b443422417320{\npadding-bottom:10px;\n}\nbody .av-special-heading.av-ke7cizu3-301045f1784445c3161b443422417320 .av-special-heading-tag .heading-char{\nfont-size:25px;\n}\n.av-special-heading.av-ke7cizu3-301045f1784445c3161b443422417320 .av-subheading{\nfont-size:15px;\n}\n<\/style>\n<div  class='av-special-heading av-ke7cizu3-301045f1784445c3161b443422417320 av-special-heading-h2  avia-builder-el-3  el_after_av_tab_container  el_before_av_tab_container  av-thin-font'><h2 class='av-special-heading-tag '  itemprop=\"headline\"  >Rie\u0161enie <strong> klinick\u00fdch v\u00fdskumov<\/strong><\/h2><div class=\"special-heading-border\"><div class=\"special-heading-inner-border\"><\/div><\/div><\/div>\n<div  class='tabcontainer av-ke7cwcp8-12af66ed2e4ad7e5641b7a177741c291 top_tab  avia-builder-el-4  el_after_av_heading  el_before_av_heading '>\n<section class='av_tab_section av_tab_section av-av_tab-aa622e4a91f09109c7671b7aa85e4058'  itemscope=\"itemscope\" itemtype=\"https:\/\/schema.org\/CreativeWork\" ><div id='tab-id-4-tab' class='tab active_tab' role='tab' aria-selected=\"true\" tabindex=\"0\" data-fake-id='#tab-id-4' aria-controls='tab-id-4-content'  itemprop=\"headline\" ><span class='tab_icon avia-iconfont avia-font-entypo-fontello' data-av_icon='\ue86f' data-av_iconfont='entypo-fontello' ><\/span>CRA ICON<\/div><div id='tab-id-4-content' class='tab_content active_tab_content' role='tabpanel' aria-labelledby='tab-id-4-tab' aria-hidden=\"false\"><div class='tab_inner_content invers-color'  itemprop=\"text\" ><p><a href=\"http:\/\/clinicaltrials.gov\/ct2\/show\/NCT00760968\">Efficacy and Safety of TAK-783 in Subjects With Rheumatoid Arthritis<\/a><\/p>\n<p><a href=\"http:\/\/clinicaltrials.gov\/ct2\/show\/NCT01285752\">A Study of AK106-001616 in Patients With Rheumatoid Arthritis (RA)<\/a><\/p>\n<p><a href=\"http:\/\/clinicaltrials.gov\/ct2\/show\/NCT01877668\">Efficacy And Safety Of Tofacitinib In Psoriatic Arthritis: Comparator Study (OPAL BROADEN)<\/a><\/p>\n<p><a href=\"http:\/\/clinicaltrials.gov\/ct2\/show\/NCT01882439\">Tofacitinib In Psoriatic Arthritis Subjects With Inadequate Response to TNF Inhibitors (OPAL BEYOND) <\/a><\/p>\n<p><a href=\"http:\/\/clinicaltrials.gov\/ct2\/show\/NCT01976364\">Open-Label Extension Study Of Tofacitinib In Psoriatic Arthritis (OPAL BALANCE) )<\/a><\/p>\n<\/div><\/div><\/section>\n<section class='av_tab_section av_tab_section av-av_tab-58b03f1facfcfc0f7564233f6f1cf402'  itemscope=\"itemscope\" itemtype=\"https:\/\/schema.org\/CreativeWork\" ><div id='tab-id-5-tab' class='tab' role='tab' aria-selected=\"false\" tabindex=\"0\" data-fake-id='#tab-id-5' aria-controls='tab-id-5-content'  itemprop=\"headline\" ><span class='tab_icon avia-iconfont avia-font-entypo-fontello' data-av_icon='\ue86f' data-av_iconfont='entypo-fontello' ><\/span>CRA Inc research<\/div><div id='tab-id-5-content' class='tab_content' role='tabpanel' aria-labelledby='tab-id-5-tab' aria-hidden=\"true\"><div class='tab_inner_content invers-color'  itemprop=\"text\" ><p><a href=\"https:\/\/clinicaltrials.gov\/ct2\/show\/NCT02066389\">A Study Investigating the Efficacy and Safety of ABT-494 Given With Methotrexate (MTX) in Subjects With Rheumatoid Arthritis Who Have Had an Inadequate Response to MTX Alone<\/a><\/p>\n<p><a href=\"http:\/\/clinicaltrials.gov\/ct2\/show\/NCT02049138\">An Open-label Extension Study Evaluating the Safety and Efficacy of ABT-494 in Rheumatoid Arthritis Subjects<\/a><\/p>\n<\/div><\/div><\/section>\n<section class='av_tab_section av_tab_section av-av_tab-15dbb2a2069d7bc25c303cab78e0c4ea'  itemscope=\"itemscope\" itemtype=\"https:\/\/schema.org\/CreativeWork\" ><div id='tab-id-6-tab' class='tab' role='tab' aria-selected=\"false\" tabindex=\"0\" data-fake-id='#tab-id-6' aria-controls='tab-id-6-content'  itemprop=\"headline\" ><span class='tab_icon avia-iconfont avia-font-entypo-fontello' data-av_icon='\ue86f' data-av_iconfont='entypo-fontello' ><\/span>Abbvie<\/div><div id='tab-id-6-content' class='tab_content' role='tabpanel' aria-labelledby='tab-id-6-tab' aria-hidden=\"true\"><div class='tab_inner_content invers-color'  itemprop=\"text\" ><p><a title=\"Show study NCT02706873: A Study to Compare ABT-494 Monotherapy to Methotrexate Monotherapy in Subjects With Rheumatoid Arthritis (RA) Who Have Not Previously Taken Methotrexate\" href=\"https:\/\/clinicaltrials.gov\/ct2\/show\/NCT02706873?term=m13-545&amp;rank=1\">A Study to Compare ABT-494 Monotherapy to Methotrexate Monotherapy in Subjects With Rheumatoid Arthritis (RA) Who Have Not Previously Taken Methotrexate<\/a><\/p>\n<p><a title=\"Show study NCT02629159: A Study Comparing ABT-494 to Placebo and to Adalimumab in Subjects With Rheumatoid Arthritis Who Are on a Stable Dose of Methotrexate and Who Have an Inadequate Response to Methotrexate\" href=\"https:\/\/clinicaltrials.gov\/ct2\/show\/NCT02629159?term=M14-465&amp;rank=1\">A Study Comparing ABT-494 to Placebo and to Adalimumab in Subjects With Rheumatoid Arthritis Who Are on a Stable Dose of Methotrexate and Who Have an Inadequate Response to Methotrexate<\/a><\/p>\n<\/div><\/div><\/section>\n<section class='av_tab_section av_tab_section av-av_tab-aa78454709fe803ef78a32643df1162e'  itemscope=\"itemscope\" itemtype=\"https:\/\/schema.org\/CreativeWork\" ><div id='tab-id-7-tab' class='tab' role='tab' aria-selected=\"false\" tabindex=\"0\" data-fake-id='#tab-id-7' aria-controls='tab-id-7-content'  itemprop=\"headline\" ><span class='tab_icon avia-iconfont avia-font-entypo-fontello' data-av_icon='\ue86f' data-av_iconfont='entypo-fontello' ><\/span>CRA inVentiv Health<\/div><div id='tab-id-7-content' class='tab_content' role='tabpanel' aria-labelledby='tab-id-7-tab' aria-hidden=\"true\"><div class='tab_inner_content invers-color'  itemprop=\"text\" ><p><a title=\"Show study NCT02831855: Methotrexate Withdrawal Study of Tofacitinib Modified Release Formulation in Subjects With Rheumatoid Arthritis\" href=\"https:\/\/clinicaltrials.gov\/ct2\/show\/NCT02831855?term=A3921192&amp;rank=1\">Methotrexate Withdrawal Study of Tofacitinib Modified Release Formulation in Subjects With Rheumatoid Arthritis<\/a><\/p>\n<\/div><\/div><\/section>\n<\/div>\n\n<style type=\"text\/css\" data-created_by=\"avia_inline_auto\" id=\"style-css-av-ke7cizu3-20eece00623425281d9b6995565d5e9d\">\n#top .av-special-heading.av-ke7cizu3-20eece00623425281d9b6995565d5e9d{\npadding-bottom:10px;\n}\nbody .av-special-heading.av-ke7cizu3-20eece00623425281d9b6995565d5e9d .av-special-heading-tag .heading-char{\nfont-size:25px;\n}\n.av-special-heading.av-ke7cizu3-20eece00623425281d9b6995565d5e9d .av-subheading{\nfont-size:15px;\n}\n<\/style>\n<div  class='av-special-heading av-ke7cizu3-20eece00623425281d9b6995565d5e9d av-special-heading-h2  avia-builder-el-5  el_after_av_tab_container  el_before_av_heading  av-thin-font'><h2 class='av-special-heading-tag '  itemprop=\"headline\"  >Odborn\u00e9 vedenie (\u0161kolite\u013estvo) <strong>z\u00e1vere\u010dn\u00fdch pr\u00e1c<\/strong> v medic\u00edne<\/h2><div class=\"special-heading-border\"><div class=\"special-heading-inner-border\"><\/div><\/div><\/div>\n\n<style type=\"text\/css\" data-created_by=\"avia_inline_auto\" id=\"style-css-av-ke7cizu3-c1497ae25f5497c5eb8ceff19c0c6a9d\">\n#top .av-special-heading.av-ke7cizu3-c1497ae25f5497c5eb8ceff19c0c6a9d{\npadding-bottom:10px;\n}\nbody .av-special-heading.av-ke7cizu3-c1497ae25f5497c5eb8ceff19c0c6a9d .av-special-heading-tag .heading-char{\nfont-size:25px;\n}\n.av-special-heading.av-ke7cizu3-c1497ae25f5497c5eb8ceff19c0c6a9d .av-subheading{\nfont-size:15px;\n}\n<\/style>\n<div  class='av-special-heading av-ke7cizu3-c1497ae25f5497c5eb8ceff19c0c6a9d av-special-heading-h2  avia-builder-el-6  el_after_av_heading  avia-builder-el-last  av-thin-font'><h2 class='av-special-heading-tag '  itemprop=\"headline\"  >Odborn\u00e1 prax (\u0161kolite\u013estvo) <strong> v \u0161pecializa\u010dnej pr\u00edprave<\/h2><div class=\"special-heading-border\"><div class=\"special-heading-inner-border\"><\/div><\/div><\/div>\n","protected":false},"excerpt":{"rendered":"","protected":false},"author":1,"featured_media":0,"parent":0,"menu_order":0,"comment_status":"closed","ping_status":"closed","template":"","meta":{"footnotes":""},"class_list":["post-89","page","type-page","status-publish","hentry"],"_links":{"self":[{"href":"https:\/\/www.medman.sk\/index.php\/wp-json\/wp\/v2\/pages\/89","targetHints":{"allow":["GET"]}}],"collection":[{"href":"https:\/\/www.medman.sk\/index.php\/wp-json\/wp\/v2\/pages"}],"about":[{"href":"https:\/\/www.medman.sk\/index.php\/wp-json\/wp\/v2\/types\/page"}],"author":[{"embeddable":true,"href":"https:\/\/www.medman.sk\/index.php\/wp-json\/wp\/v2\/users\/1"}],"replies":[{"embeddable":true,"href":"https:\/\/www.medman.sk\/index.php\/wp-json\/wp\/v2\/comments?post=89"}],"version-history":[{"count":1,"href":"https:\/\/www.medman.sk\/index.php\/wp-json\/wp\/v2\/pages\/89\/revisions"}],"predecessor-version":[{"id":90,"href":"https:\/\/www.medman.sk\/index.php\/wp-json\/wp\/v2\/pages\/89\/revisions\/90"}],"wp:attachment":[{"href":"https:\/\/www.medman.sk\/index.php\/wp-json\/wp\/v2\/media?parent=89"}],"curies":[{"name":"wp","href":"https:\/\/api.w.org\/{rel}","templated":true}]}}