{"id":91,"date":"2020-08-23T19:25:43","date_gmt":"2020-08-23T17:25:43","guid":{"rendered":"https:\/\/www.medman.sk\/?page_id=91"},"modified":"2020-08-25T20:27:48","modified_gmt":"2020-08-25T18:27:48","slug":"centrum-klinickeho-skusania","status":"publish","type":"page","link":"https:\/\/www.medman.sk\/index.php\/centrum-klinickeho-skusania\/","title":{"rendered":"Centrum klinick\u00e9ho sk\u00fa\u0161ania"},"content":{"rendered":"\n<style type=\"text\/css\" data-created_by=\"avia_inline_auto\" id=\"style-css-av-kea9xzgy-833d681f7262c2cc9635a8f23fe46cf2\">\n#top .av-special-heading.av-kea9xzgy-833d681f7262c2cc9635a8f23fe46cf2{\npadding-bottom:10px;\n}\nbody .av-special-heading.av-kea9xzgy-833d681f7262c2cc9635a8f23fe46cf2 .av-special-heading-tag .heading-char{\nfont-size:25px;\n}\n.av-special-heading.av-kea9xzgy-833d681f7262c2cc9635a8f23fe46cf2 .av-subheading{\nfont-size:15px;\n}\n<\/style>\n<div  class='av-special-heading av-kea9xzgy-833d681f7262c2cc9635a8f23fe46cf2 av-special-heading-h3  avia-builder-el-0  el_before_av_heading  avia-builder-el-first '><h3 class='av-special-heading-tag '  itemprop=\"headline\"  >M\u00e1te akt\u00edvne z\u00e1palov\u00e9 reumatick\u00e9 ochorenie \u2013 napr. reumatoidn\u00fa artrit\u00eddu alebo psori\u00e1zu? Chceli by ste \u00fa\u010dinnej\u0161ie potla\u010di\u0165 aktivitu ochorenia liekmi bud\u00facnosti?<\/h3><div class=\"special-heading-border\"><div class=\"special-heading-inner-border\"><\/div><\/div><\/div>\n\n<style type=\"text\/css\" data-created_by=\"avia_inline_auto\" id=\"style-css-av-kea9y3qh-3f1191db51820d002a206e12e35d379b\">\n#top .av-special-heading.av-kea9y3qh-3f1191db51820d002a206e12e35d379b{\npadding-bottom:10px;\n}\nbody .av-special-heading.av-kea9y3qh-3f1191db51820d002a206e12e35d379b .av-special-heading-tag .heading-char{\nfont-size:25px;\n}\n.av-special-heading.av-kea9y3qh-3f1191db51820d002a206e12e35d379b .av-subheading{\nfont-size:15px;\n}\n<\/style>\n<div  class='av-special-heading av-kea9y3qh-3f1191db51820d002a206e12e35d379b av-special-heading-h3  avia-builder-el-1  el_after_av_heading  el_before_av_heading '><h3 class='av-special-heading-tag '  itemprop=\"headline\"  >Na\u0161e centrum od roku 2008 rie\u0161ilo viac ako 10 klinick\u00fdch sk\u00fa\u0161an\u00ed r\u00f4znych nov\u00fdch lie\u010div reumatick\u00fdch ochoren\u00ed<\/h3><div class=\"special-heading-border\"><div class=\"special-heading-inner-border\"><\/div><\/div><\/div>\n\n<style type=\"text\/css\" data-created_by=\"avia_inline_auto\" id=\"style-css-av-kea9y7k0-35f01d2560baf9d9d51d238237d7ee53\">\n#top .av-special-heading.av-kea9y7k0-35f01d2560baf9d9d51d238237d7ee53{\npadding-bottom:10px;\n}\nbody .av-special-heading.av-kea9y7k0-35f01d2560baf9d9d51d238237d7ee53 .av-special-heading-tag .heading-char{\nfont-size:25px;\n}\n.av-special-heading.av-kea9y7k0-35f01d2560baf9d9d51d238237d7ee53 .av-subheading{\nfont-size:15px;\n}\n<\/style>\n<div  class='av-special-heading av-kea9y7k0-35f01d2560baf9d9d51d238237d7ee53 av-special-heading-h3  avia-builder-el-2  el_after_av_heading  el_before_av_heading '><h3 class='av-special-heading-tag '  itemprop=\"headline\"  >Pon\u00fakame V\u00e1m mo\u017enosti u\u017e\u00edva\u0165 lieky bud\u00facnosti ove\u013ea sk\u00f4r, ako bud\u00fa na Slovensku registrovan\u00e9 a hraden\u00e9 zdravotn\u00fdmi pois\u0165ov\u0148ami v\u0161etk\u00fdm pacientom<\/h3><div class=\"special-heading-border\"><div class=\"special-heading-inner-border\"><\/div><\/div><\/div>\n\n<style type=\"text\/css\" data-created_by=\"avia_inline_auto\" id=\"style-css-av-kea9yl2q-9be2b865c41d95092362873d2ca6735f\">\n#top .av-special-heading.av-kea9yl2q-9be2b865c41d95092362873d2ca6735f{\npadding-bottom:10px;\n}\nbody .av-special-heading.av-kea9yl2q-9be2b865c41d95092362873d2ca6735f .av-special-heading-tag .heading-char{\nfont-size:25px;\n}\n.av-special-heading.av-kea9yl2q-9be2b865c41d95092362873d2ca6735f .av-subheading{\nfont-size:15px;\n}\n<\/style>\n<div  class='av-special-heading av-kea9yl2q-9be2b865c41d95092362873d2ca6735f av-special-heading-h3  avia-builder-el-3  el_after_av_heading  el_before_av_masonry_gallery  avia-builder-el-last  av-linked-heading'><h3 class='av-special-heading-tag '  itemprop=\"headline\"  >Pre bli\u017e\u0161ie inform\u00e1cie kontaktujte priamo lek\u00e1ra , resp. nepriamo cez ktor\u00fako\u013evek z <a href=\"http:\/\/www.medman.sk\/kontakt\">kontaktn\u00fdch mo\u017enost\u00ed<\/a><\/h3><div class=\"special-heading-border\"><div class=\"special-heading-inner-border\"><\/div><\/div><\/div>\n<div id='av-masonry-1' class='av-masonry av-keaa2xt5-e8c773be6772a59632faf52b8bad078e noHover av-flex-size av-large-gap av-hover-overlay-active av-masonry-animation-active av-masonry-col-flexible av-caption-always av-caption-style- av-masonry-gallery ' data-post_id=\"91\"><div class=\"av-masonry-container isotope av-js-disabled\"><div class='av-masonry-entry isotope-item av-masonry-item-no-image '><\/div><a href=\"https:\/\/www.medman.sk\/wp-content\/uploads\/2020\/08\/port_6.jpg\"  aria-label=\"image port_6\"  id='av-masonry-1-item-36' data-av-masonry-item='36' class='av-masonry-entry isotope-item post-36 attachment type-attachment status-inherit hentry  av-masonry-item-with-image' title=\"port_6\" alt=\"\"    itemprop=\"thumbnailUrl\" ><div class='av-inner-masonry-sizer'><\/div><figure class='av-inner-masonry main_color'><div class=\"av-masonry-outerimage-container\"><div class='av-masonry-image-container'  ><img decoding=\"async\" width=\"282\" height=\"194\" fetchpriority=\"high\" class=\"wp-image-36 avia-img-lazy-loading-not-36\"  src=\"https:\/\/www.medman.sk\/wp-content\/uploads\/2020\/08\/port_6.jpg\" title=\"port_6\" alt=\"\" \/><\/div><\/div><\/figure><\/a><!--end av-masonry entry--><a href=\"https:\/\/www.medman.sk\/wp-content\/uploads\/2020\/08\/Abbvie2-1030x728-1.jpg\" data-srcset=\"https:\/\/www.medman.sk\/wp-content\/uploads\/2020\/08\/Abbvie2-1030x728-1.jpg 1030w, https:\/\/www.medman.sk\/wp-content\/uploads\/2020\/08\/Abbvie2-1030x728-1-300x212.jpg 300w, https:\/\/www.medman.sk\/wp-content\/uploads\/2020\/08\/Abbvie2-1030x728-1-768x543.jpg 768w, https:\/\/www.medman.sk\/wp-content\/uploads\/2020\/08\/Abbvie2-1030x728-1-260x185.jpg 260w, https:\/\/www.medman.sk\/wp-content\/uploads\/2020\/08\/Abbvie2-1030x728-1-705x498.jpg 705w\" data-sizes=\"(max-width: 1030px) 100vw, 1030px\"  aria-label=\"image Abbvie2-1030&#215;728\"  id='av-masonry-1-item-22' data-av-masonry-item='22' class='av-masonry-entry isotope-item post-22 attachment type-attachment status-inherit hentry  av-masonry-item-with-image' title=\"Abbvie2-1030&#215;728\" alt=\"\"    itemprop=\"thumbnailUrl\" ><div class='av-inner-masonry-sizer'><\/div><figure class='av-inner-masonry main_color'><div class=\"av-masonry-outerimage-container\"><div class='av-masonry-image-container'  ><img decoding=\"async\" width=\"705\" height=\"498\" fetchpriority=\"high\" class=\"wp-image-22 avia-img-lazy-loading-not-22\"  src=\"https:\/\/www.medman.sk\/wp-content\/uploads\/2020\/08\/Abbvie2-1030x728-1-705x498.jpg\" title=\"Abbvie2-1030&#215;728\" alt=\"\" srcset=\"https:\/\/www.medman.sk\/wp-content\/uploads\/2020\/08\/Abbvie2-1030x728-1-705x498.jpg 705w, https:\/\/www.medman.sk\/wp-content\/uploads\/2020\/08\/Abbvie2-1030x728-1-300x212.jpg 300w, https:\/\/www.medman.sk\/wp-content\/uploads\/2020\/08\/Abbvie2-1030x728-1-768x543.jpg 768w, https:\/\/www.medman.sk\/wp-content\/uploads\/2020\/08\/Abbvie2-1030x728-1-260x185.jpg 260w, https:\/\/www.medman.sk\/wp-content\/uploads\/2020\/08\/Abbvie2-1030x728-1.jpg 1030w\" sizes=\"(max-width: 705px) 100vw, 705px\" \/><\/div><\/div><\/figure><\/a><!--end av-masonry entry--><a href=\"https:\/\/www.medman.sk\/wp-content\/uploads\/2020\/08\/Abbvie1-1030x730-1.jpg\" data-srcset=\"https:\/\/www.medman.sk\/wp-content\/uploads\/2020\/08\/Abbvie1-1030x730-1.jpg 1030w, https:\/\/www.medman.sk\/wp-content\/uploads\/2020\/08\/Abbvie1-1030x730-1-300x213.jpg 300w, https:\/\/www.medman.sk\/wp-content\/uploads\/2020\/08\/Abbvie1-1030x730-1-768x544.jpg 768w, https:\/\/www.medman.sk\/wp-content\/uploads\/2020\/08\/Abbvie1-1030x730-1-260x185.jpg 260w, https:\/\/www.medman.sk\/wp-content\/uploads\/2020\/08\/Abbvie1-1030x730-1-705x500.jpg 705w\" data-sizes=\"(max-width: 1030px) 100vw, 1030px\"  aria-label=\"image Abbvie1-1030&#215;730\"  id='av-masonry-1-item-21' data-av-masonry-item='21' class='av-masonry-entry isotope-item post-21 attachment type-attachment status-inherit hentry  av-masonry-item-with-image' title=\"Abbvie1-1030&#215;730\" alt=\"\"    itemprop=\"thumbnailUrl\" ><div class='av-inner-masonry-sizer'><\/div><figure class='av-inner-masonry main_color'><div class=\"av-masonry-outerimage-container\"><div class='av-masonry-image-container'  ><img decoding=\"async\" width=\"705\" height=\"500\" fetchpriority=\"high\" class=\"wp-image-21 avia-img-lazy-loading-not-21\"  src=\"https:\/\/www.medman.sk\/wp-content\/uploads\/2020\/08\/Abbvie1-1030x730-1-705x500.jpg\" title=\"Abbvie1-1030&#215;730\" alt=\"\" srcset=\"https:\/\/www.medman.sk\/wp-content\/uploads\/2020\/08\/Abbvie1-1030x730-1-705x500.jpg 705w, https:\/\/www.medman.sk\/wp-content\/uploads\/2020\/08\/Abbvie1-1030x730-1-300x213.jpg 300w, https:\/\/www.medman.sk\/wp-content\/uploads\/2020\/08\/Abbvie1-1030x730-1-768x544.jpg 768w, https:\/\/www.medman.sk\/wp-content\/uploads\/2020\/08\/Abbvie1-1030x730-1-260x185.jpg 260w, https:\/\/www.medman.sk\/wp-content\/uploads\/2020\/08\/Abbvie1-1030x730-1.jpg 1030w\" sizes=\"(max-width: 705px) 100vw, 705px\" \/><\/div><\/div><\/figure><\/a><!--end av-masonry entry--><a href=\"https:\/\/www.medman.sk\/wp-content\/uploads\/2020\/08\/studie-tabulka.jpg\" data-srcset=\"https:\/\/www.medman.sk\/wp-content\/uploads\/2020\/08\/studie-tabulka.jpg 909w, https:\/\/www.medman.sk\/wp-content\/uploads\/2020\/08\/studie-tabulka-300x190.jpg 300w, https:\/\/www.medman.sk\/wp-content\/uploads\/2020\/08\/studie-tabulka-768x487.jpg 768w, https:\/\/www.medman.sk\/wp-content\/uploads\/2020\/08\/studie-tabulka-705x447.jpg 705w\" data-sizes=\"(max-width: 909px) 100vw, 909px\"  aria-label=\"image studie-tabulka\"  id='av-masonry-1-item-42' data-av-masonry-item='42' class='av-masonry-entry isotope-item post-42 attachment type-attachment status-inherit hentry  av-masonry-item-with-image' title=\"studie-tabulka\" alt=\"\"    itemprop=\"thumbnailUrl\" ><div class='av-inner-masonry-sizer'><\/div><figure class='av-inner-masonry main_color'><div class=\"av-masonry-outerimage-container\"><div class='av-masonry-image-container'  ><img decoding=\"async\" width=\"705\" height=\"447\" fetchpriority=\"high\" class=\"wp-image-42 avia-img-lazy-loading-not-42\"  src=\"https:\/\/www.medman.sk\/wp-content\/uploads\/2020\/08\/studie-tabulka-705x447.jpg\" title=\"studie-tabulka\" alt=\"\" srcset=\"https:\/\/www.medman.sk\/wp-content\/uploads\/2020\/08\/studie-tabulka-705x447.jpg 705w, https:\/\/www.medman.sk\/wp-content\/uploads\/2020\/08\/studie-tabulka-300x190.jpg 300w, https:\/\/www.medman.sk\/wp-content\/uploads\/2020\/08\/studie-tabulka-768x487.jpg 768w, https:\/\/www.medman.sk\/wp-content\/uploads\/2020\/08\/studie-tabulka.jpg 909w\" sizes=\"(max-width: 705px) 100vw, 705px\" \/><\/div><\/div><\/figure><\/a><!--end av-masonry entry--><\/div><\/div>\n","protected":false},"excerpt":{"rendered":"","protected":false},"author":1,"featured_media":0,"parent":0,"menu_order":0,"comment_status":"closed","ping_status":"closed","template":"","meta":{"footnotes":""},"class_list":["post-91","page","type-page","status-publish","hentry"],"_links":{"self":[{"href":"https:\/\/www.medman.sk\/index.php\/wp-json\/wp\/v2\/pages\/91","targetHints":{"allow":["GET"]}}],"collection":[{"href":"https:\/\/www.medman.sk\/index.php\/wp-json\/wp\/v2\/pages"}],"about":[{"href":"https:\/\/www.medman.sk\/index.php\/wp-json\/wp\/v2\/types\/page"}],"author":[{"embeddable":true,"href":"https:\/\/www.medman.sk\/index.php\/wp-json\/wp\/v2\/users\/1"}],"replies":[{"embeddable":true,"href":"https:\/\/www.medman.sk\/index.php\/wp-json\/wp\/v2\/comments?post=91"}],"version-history":[{"count":2,"href":"https:\/\/www.medman.sk\/index.php\/wp-json\/wp\/v2\/pages\/91\/revisions"}],"predecessor-version":[{"id":127,"href":"https:\/\/www.medman.sk\/index.php\/wp-json\/wp\/v2\/pages\/91\/revisions\/127"}],"wp:attachment":[{"href":"https:\/\/www.medman.sk\/index.php\/wp-json\/wp\/v2\/media?parent=91"}],"curies":[{"name":"wp","href":"https:\/\/api.w.org\/{rel}","templated":true}]}}